s the tens digit of g?
7
Let z = 298 + -651. Let n = -166 - z. Let l = n + -127. What is the units digit of l?
0
Suppose 6 = -35*j + 34*j, -5*s = -j - 22586. What is the hundreds digit of s?
5
Let h(r) = 2*r**3 - 7*r**2 + 2*r - 1. Suppose -80 = 5*n - 9*n. Suppose n = 6*k - 2*k. What is the tens digit of h(k)?
8
Let v(t) = -t**3 + 9*t**2 - 6*t - 4. Suppose -58 = 6*y - 100. What is the tens digit of v(y)?
5
Let v = -21285 - -31042. What is the tens digit of v?
5
Suppose 5*x - 6*b = 11735 + 14624, 0 = -5*b + 5. What is the units digit of x?
3
What is the tens digit of ((-6)/4)/((-57)/260908)?
6
Suppose 19*f + 3*p - 14811 = 18*f, 44391 = 3*f - 5*p. What is the tens digit of f?
0
Let m be 4/(-10)*(-25)/5. Suppose -2*p = 3*p - x - 395, 0 = -m*p + 5*x + 135. Suppose -3*w = -5*w + p. What is the units digit of w?
0
Let b(k) = k - 2. Let q be b(10). Suppose h = -h + q. Suppose a - h*p + 109 = 2*a, 4*p = 4*a - 476. What is the tens digit of a?
1
Let s = -3170 + 6060. Suppose 5*y - s = -4*z, 3*z - 6*y = -2*y + 2183. What is the tens digit of z?
2
Let o be (10/(-8))/((35/(-40))/7). Let r = 2 - o. What is the tens digit of r/10*(-100)/8?
1
Let m(g) = 20*g**2 - 7*g - 3. Let v(p) = 20*p**2 - 7*p - 4. Let n(y) = 6*m(y) - 7*v(y). Let c be n(-4). Let f = c + 627. What is the hundreds digit of f?
2
Suppose 37*j = 36*j + 1. What is the units digit of (-278 + (1 - j))/(-2)?
9
Suppose -152*o + 2207031 = 78879. What is the tens digit of o?
0
Let j be ((-12)/(-7))/(8/28 - 0). What is the hundreds digit of j/(-8)*(-198 + 1 - 3)?
1
What is the tens digit of 325392/32*(-48)/(-18)?
1
Suppose 3*a = 3*i - 27168, -10036 = -2*i - 4*a + 8118. What is the thousands digit of i?
9
Let x(h) = 3*h**2 - 16*h - 12. Let v be x(6). What is the units digit of 2*573/6 - (-3 + v)?
4
Let n(h) be the third derivative of -15*h**4/4 + 21*h**3/2 + 5*h**2 - 10. What is the units digit of n(-7)?
3
Suppose 692 = -9*j + 2924. What is the units digit of j?
8
Let d(r) = r**3 - 2*r**2 - 2*r + 4. Let t(m) = m**3 + 6*m**2 + m + 9. Let p be t(-6). Let a be d(p). Suppose 2*o + 375 = a*o. What is the units digit of o?
5
Let n be 32/(8 + 0)*(-1 - -3). Suppose 12*w - 336 = n*w. What is the tens digit of w + (5 - 3 - 2) - -4?
8
Let a(u) = -8*u - 28. Let s be a(-3). Let q be (s/(-5))/(10/50). Suppose -w + 40 = y, 3*y - 59 - 100 = -q*w. What is the units digit of w?
9
Suppose 0 = b - 24 + 20. Suppose -b*y + 3*s = -5*y + 128, 4*y - s = 499. Suppose 3*k + 8 = y. What is the units digit of k?
9
Let i(h) = -h**2 + 15*h + 32. Let d be i(23). Suppose 3*t + 166 = a, 4*a - 65 = -5*t - 370. Let g = t - d. What is the tens digit of g?
9
Suppose -11*h + 2*h = -1008. Let d = 171 - h. Let x = d + -11. What is the units digit of x?
8
Let n(r) = -3148*r + 21215. What is the tens digit of n(-10)?
9
Let f(h) = 65*h**2 + 3*h + 19. Let r = -421 - -418. What is the hundreds digit of f(r)?
5
Suppose 7*d - 34 - 379 = 0. Let u = d - 63. What is the tens digit of ((-68)/(-12) + u)/(2/198)?
6
Let m(x) = -x**2 + 2*x - 2. Let h be m(3). Let d be h*(-4)/20*-4 + 2. What is the tens digit of (d + -2)*67/(-4)?
6
Suppose -15*x - 2516 + 97496 = 0. What is the tens digit of x?
3
Let q(s) = s**3 - 5*s**2 - 5*s. Let g be q(6). Suppose 0 = 17*y - 19*y - 2*v - 20, 2*y - 5*v = 8. What is the tens digit of (712/6 - g) + 4/y?
1
Let c(o) = -50*o + 49 + 40 + 50 - 13. What is the hundreds digit of c(-9)?
5
Let t(a) = 5*a + 18. Let o be t(4). Suppose c = -650 - o. What is the units digit of c/(-7) + (-4)/42*3?
8
Let v = 3377 - 1792. What is the hundreds digit of v?
5
Let d be (16/80)/((-3)/15). What is the units digit of (23/d)/((-57)/1140)?
0
Let l(q) = 22*q**2 + 6*q - 20. Suppose -7*j + 233 = 282. What is the hundreds digit of l(j)?
0
Let x = -1251 + 2231. What is the units digit of -7 - (x/(-4) + -8)?
6
Let f(z) = 767*z - 1. Let l be f(3). Let o = l - 577. What is the hundreds digit of o?
7
Suppose -2*b = 9*b - 154. What is the tens digit of ((-3)/(-14) - (-4)/b)*174?
8
Suppose -6 + 4 = -2*n. What is the tens digit of (3/n)/(11/231)?
6
Let j be (-176)/(-3) + 1 - 16/24. Let w = 616 + j. What is the units digit of w?
5
Let m(j) = 11*j + 84. Let b be m(-7). What is the units digit of (-14)/b*-5*(3 - -35)?
0
Let v(j) = -181*j + 33. Let p be v(-10). Let k = -932 + p. What is the units digit of k?
1
Let l = -19 + 22. Suppose 4*t = -23 + l. Let s(n) = 3*n**2 - 9*n - 11. What is the tens digit of s(t)?
0
Let b(h) = -h**3 - 3*h**2 + 7*h + 14. Let q be b(-4). Suppose 952 = q*j - 250. What is the tens digit of j?
0
Suppose -96 = -4*j + 32. Let f = j - -66. Let n = f + -50. What is the units digit of n?
8
Suppose -712*n + 11018 + 163892 = -707*n. What is the ten thousands digit of n?
3
Let b(a) = -2*a**2 - 39*a + 25. Let w be b(-20). Suppose w*r = 1427 + 4728. What is the units digit of r?
1
Suppose -6364 = 590*n - 594*n + 3*u, 0 = -4*n - u + 6332. What is the hundreds digit of n?
5
Suppose 0*l = -l + 235. Let q(t) = t**3 - 21*t**2 + 28*t + 43. Let j be q(19). Let f = j + l. What is the tens digit of f?
8
Suppose 5*a - 21 = 2*c, 0 = -a + 4 - 3. What is the hundreds digit of (-2)/c + (-13572)/(-48)?
2
Let u be -1 + (8/2 - (-10 - 261)). Let r = u - 92. What is the hundreds digit of r?
1
Suppose 16*t + 80 = 32*t. Suppose 17*h + t*h = 23386. What is the tens digit of h?
6
Let o(s) = -173*s - 29. Let g be o(-2). Suppose 9*n + g = 10*n. What is the tens digit of n?
1
Let f = 34133 + -24011. What is the units digit of f?
2
Let v be 264 - 0/((-4)/(-2)). Let g be ((-28 - -42)/84)/(2/84). Suppose 380 = g*x - v. What is the units digit of x?
2
Suppose -2*i - 2*f = 214, -3*i + i + 4*f = 184. Let t = 106 + i. Suppose -t*o + 1391 - 263 = 0. What is the tens digit of o?
8
Let u(v) = -33*v + 9. Let m be u(6). Suppose -3*g = k + 280, -5*g - 2*k - 7 = 459. Let r = g - m. What is the units digit of r?
5
Let o = -406 + 406. Suppose h = 2*a - 3429, 0*h - h + 1 = o. What is the units digit of a?
5
Let a(m) = 8 - 4 - 9*m**3 + 44*m**3 - 3*m + 35*m**3. Let w be a(1). Suppose -w = -j - 0*j + 2*f, -2*f = 4. What is the units digit of j?
7
Suppose 25 = -14*u + 235. Let d(m) = 2*m**2 + 1. Let p be d(1). What is the units digit of u/(p/(-15)*-3)?
5
Let k(p) = -8*p - 8. Suppose -4*u = -4*i - 6 + 2, -3*u = 15. Let h be k(i). Suppose -5*n - h = -350. What is the units digit of n?
2
Let b(t) = t**3 + 16*t**2 + 12*t + 21. Suppose -3*s + 2*s - 15 = 0. Let c be b(s). Let u = c + -32. What is the tens digit of u?
3
Let h(f) = -24 + 3*f**2 + 2*f**2 - 6*f**2 - 14*f. Let t(m) = m**2 + 40*m + 365. Let v be t(-15). What is the tens digit of h(v)?
1
Let r be 6*(8/(-30))/(6/(-15)). Let s be -7*(r/(-6))/((-6)/9). Let n(i) = i**3 + 8*i**2 - 9*i - 6. What is the hundreds digit of n(s)?
1
Suppose 0 = 154*t - 155518 - 301246. What is the tens digit of t?
6
Let u(j) = -j + 15. Let p be u(12). Let k be (-2)/p + 64/(-12) + 2. What is the units digit of (40 + k)*6/4?
4
Let j(l) = -10*l**2 + 22*l**2 - 6 - l**3 + 3 - 20 + 21*l. What is the hundreds digit of j(12)?
2
Let g(h) = 0*h**2 - 28*h + 9*h + 11*h - 14 + h**2. Let d be g(9). What is the units digit of 4 + d - 0 - -92?
1
Let w(a) = 28*a**2 + 7*a + 39. Let l be -9 + 14 - ((10 - 2) + 1). What is the units digit of w(l)?
9
Suppose 5*t + 1279 = 124. Let f = 639 + t. What is the units digit of f?
8
Let l be 4 + (42 - (6 - 2)). Suppose 2*h + l = 56. Let o(r) = 40*r - 36. What is the units digit of o(h)?
4
Let u = -66 + 76. Let d be ((-16)/u)/(30/(-75)). Suppose 2*i - d = 98. What is the tens digit of i?
5
Let y be (-36)/42 - (39/(-21) + -2). Suppose -3*p = 4*c - 781 - 358, -4*p = -y*c - 1552. What is the tens digit of p?
8
Suppose 3*k = -7*z + 3*z + 165, -5*k - 89 = -2*z. Suppose -25 = 5*v, 0*a - 3*v = a - z. What is the tens digit of a?
5
Suppose -20*y + 34*y - 5082 = 0. Let d = 68 + y. What is the tens digit of d?
3
Let x(n) = n + 11. Let b be x(-6). Suppose b*j - 3*z = z + 31, 3*j - 5 = -z. Suppose 0*v + 510 = j*v. What is the hundreds digit of v?
1
Let x(s) = 36*s - 148. Let r(i) = 5*i + 1. Let p(t) = -2*r(t) + x(t). What is the hundreds digit of p(14)?
2
Suppose -2*n = 4*g - 2, 2*g + 4 + 49 = 5*n. Suppose 0 = -2*h + 7 - n, -3*h = 4*u - 3993. What is the tens digit of u?
9
Suppose -8*t + 3*t - 4*m - 264 = 0, 0 = 3*t + 5*m + 161. What is the units digit of ((-